{"id":563746,"date":"2019-05-13T00:00:00","date_gmt":"2019-05-12T22:00:00","guid":{"rendered":"https:\/\/www.alfauna.ch\/shop\/non%20class\u00e9\/sac-evelyn-40x30x20cm-brun-gris\/"},"modified":"2026-03-23T05:13:57","modified_gmt":"2026-03-23T04:13:57","slug":"sac-evelyn-brun-gris-40x30x20cm","status":"publish","type":"product","link":"https:\/\/stage.alfauna.ch\/fr\/boutique\/chiens\/en-route\/caisses-sacs-de-transport\/sac-evelyn-brun-gris-40x30x20cm\/","title":{"rendered":"Sac Evelyn, brun\/gris"},"content":{"rendered":"<p>en polyester<br \/>\nouverture frontale, lat\u00e9rale et par le haut<br \/>\nbandouli\u00e8re amovible et r\u00e9glable en continu<br \/>\navec poche de c\u00f4t\u00e9<br \/>\navec laisse courte int\u00e9gr\u00e9e<br \/>\navec inserts de filet pour une bonne circulation de l&rsquo;air<br \/>\nbase amovible<br \/>\ncouleur : ble<\/p>\n","protected":false},"excerpt":{"rendered":"<p>en polyester ouverture frontale, lat\u00e9rale et par le haut bandouli\u00e8re amovible et r\u00e9glable en continu avec poche de c\u00f4t\u00e9 avec laisse courte int\u00e9gr\u00e9e avec inserts de filet pour une bonne circulation de l&rsquo;air base amovible couleur : ble<\/p>\n","protected":false},"featured_media":564786,"template":"","meta":{"_acf_changed":false},"product_brand":[],"product_cat":[3685,3756,3094],"product_tag":[],"class_list":{"0":"post-563746","1":"product","2":"type-product","3":"status-publish","4":"has-post-thumbnail","6":"product_cat-en-route","7":"product_cat-caisses-sacs-de-transport","8":"product_cat-chiens","10":"first","11":"instock","12":"taxable","13":"shipping-taxable","14":"product-type-simple"},"acf":[],"yoast_head":"<!-- This site is optimized with the Yoast SEO plugin v25.8 - https:\/\/yoast.com\/wordpress\/plugins\/seo\/ -->\n<title>Sac Evelyn, brun\/gris - alfauna AG<\/title>\n<meta name=\"robots\" content=\"index, follow, max-snippet:-1, max-image-preview:large, max-video-preview:-1\" \/>\n<link rel=\"canonical\" href=\"https:\/\/stage.alfauna.ch\/fr\/boutique\/chiens\/en-route\/caisses-sacs-de-transport\/sac-evelyn-brun-gris-40x30x20cm\/\" \/>\n<meta property=\"og:locale\" content=\"fr_FR\" \/>\n<meta property=\"og:type\" content=\"article\" \/>\n<meta property=\"og:title\" content=\"Sac Evelyn, brun\/gris - alfauna AG\" \/>\n<meta property=\"og:description\" content=\"en polyester ouverture frontale, lat\u00e9rale et par le haut bandouli\u00e8re amovible et r\u00e9glable en continu avec poche de c\u00f4t\u00e9 avec laisse courte int\u00e9gr\u00e9e avec inserts de filet pour une bonne circulation de l&rsquo;air base amovible couleur : ble\" \/>\n<meta property=\"og:url\" content=\"https:\/\/stage.alfauna.ch\/fr\/boutique\/chiens\/en-route\/caisses-sacs-de-transport\/sac-evelyn-brun-gris-40x30x20cm\/\" \/>\n<meta property=\"og:site_name\" content=\"alfauna AG\" \/>\n<meta property=\"article:modified_time\" content=\"2026-03-23T04:13:57+00:00\" \/>\n<meta property=\"og:image\" content=\"https:\/\/www.alfauna.ch\/wp-content\/uploads\/2024\/06\/T28848_gr.jpg\" \/>\n\t<meta property=\"og:image:width\" content=\"1342\" \/>\n\t<meta property=\"og:image:height\" content=\"1200\" \/>\n\t<meta property=\"og:image:type\" content=\"image\/jpeg\" \/>\n<meta name=\"twitter:card\" content=\"summary_large_image\" \/>\n<script type=\"application\/ld+json\" class=\"yoast-schema-graph\">{\"@context\":\"https:\/\/schema.org\",\"@graph\":[{\"@type\":\"WebPage\",\"@id\":\"https:\/\/stage.alfauna.ch\/fr\/boutique\/chiens\/en-route\/caisses-sacs-de-transport\/sac-evelyn-brun-gris-40x30x20cm\/\",\"url\":\"https:\/\/stage.alfauna.ch\/fr\/boutique\/chiens\/en-route\/caisses-sacs-de-transport\/sac-evelyn-brun-gris-40x30x20cm\/\",\"name\":\"Sac Evelyn, brun\/gris - alfauna AG\",\"isPartOf\":{\"@id\":\"https:\/\/www.alfauna.ch\/de\/#website\"},\"primaryImageOfPage\":{\"@id\":\"https:\/\/stage.alfauna.ch\/fr\/boutique\/chiens\/en-route\/caisses-sacs-de-transport\/sac-evelyn-brun-gris-40x30x20cm\/#primaryimage\"},\"image\":{\"@id\":\"https:\/\/stage.alfauna.ch\/fr\/boutique\/chiens\/en-route\/caisses-sacs-de-transport\/sac-evelyn-brun-gris-40x30x20cm\/#primaryimage\"},\"thumbnailUrl\":\"https:\/\/stage.alfauna.ch\/wp-content\/uploads\/2024\/06\/T28848_gr.jpg\",\"datePublished\":\"2019-05-12T22:00:00+00:00\",\"dateModified\":\"2026-03-23T04:13:57+00:00\",\"breadcrumb\":{\"@id\":\"https:\/\/stage.alfauna.ch\/fr\/boutique\/chiens\/en-route\/caisses-sacs-de-transport\/sac-evelyn-brun-gris-40x30x20cm\/#breadcrumb\"},\"inLanguage\":\"fr-FR\",\"potentialAction\":[{\"@type\":\"ReadAction\",\"target\":[\"https:\/\/stage.alfauna.ch\/fr\/boutique\/chiens\/en-route\/caisses-sacs-de-transport\/sac-evelyn-brun-gris-40x30x20cm\/\"]}]},{\"@type\":\"ImageObject\",\"inLanguage\":\"fr-FR\",\"@id\":\"https:\/\/stage.alfauna.ch\/fr\/boutique\/chiens\/en-route\/caisses-sacs-de-transport\/sac-evelyn-brun-gris-40x30x20cm\/#primaryimage\",\"url\":\"https:\/\/stage.alfauna.ch\/wp-content\/uploads\/2024\/06\/T28848_gr.jpg\",\"contentUrl\":\"https:\/\/stage.alfauna.ch\/wp-content\/uploads\/2024\/06\/T28848_gr.jpg\",\"width\":1342,\"height\":1200},{\"@type\":\"BreadcrumbList\",\"@id\":\"https:\/\/stage.alfauna.ch\/fr\/boutique\/chiens\/en-route\/caisses-sacs-de-transport\/sac-evelyn-brun-gris-40x30x20cm\/#breadcrumb\",\"itemListElement\":[{\"@type\":\"ListItem\",\"position\":1,\"name\":\"Startseite\",\"item\":\"https:\/\/www.alfauna.ch\/fr\/\"},{\"@type\":\"ListItem\",\"position\":2,\"name\":\"Boutique\",\"item\":\"https:\/\/www.alfauna.ch\/fr\/boutique\/\"},{\"@type\":\"ListItem\",\"position\":3,\"name\":\"Sac Evelyn, brun\/gris\"}]},{\"@type\":\"WebSite\",\"@id\":\"https:\/\/www.alfauna.ch\/de\/#website\",\"url\":\"https:\/\/www.alfauna.ch\/de\/\",\"name\":\"alfauna AG\",\"description\":\"Tierbedarf f\u00fcr Fachh\u00e4ndler\",\"publisher\":{\"@id\":\"https:\/\/www.alfauna.ch\/de\/#organization\"},\"potentialAction\":[{\"@type\":\"SearchAction\",\"target\":{\"@type\":\"EntryPoint\",\"urlTemplate\":\"https:\/\/www.alfauna.ch\/de\/?s={search_term_string}\"},\"query-input\":{\"@type\":\"PropertyValueSpecification\",\"valueRequired\":true,\"valueName\":\"search_term_string\"}}],\"inLanguage\":\"fr-FR\"},{\"@type\":\"Organization\",\"@id\":\"https:\/\/www.alfauna.ch\/de\/#organization\",\"name\":\"alfauna AG\",\"url\":\"https:\/\/www.alfauna.ch\/de\/\",\"logo\":{\"@type\":\"ImageObject\",\"inLanguage\":\"fr-FR\",\"@id\":\"https:\/\/www.alfauna.ch\/de\/#\/schema\/logo\/image\/\",\"url\":\"https:\/\/www.alfauna.ch\/wp-content\/uploads\/logo_alfauna_230px.png\",\"contentUrl\":\"https:\/\/www.alfauna.ch\/wp-content\/uploads\/logo_alfauna_230px.png\",\"width\":230,\"height\":123,\"caption\":\"alfauna AG\"},\"image\":{\"@id\":\"https:\/\/www.alfauna.ch\/de\/#\/schema\/logo\/image\/\"}}]}<\/script>\n<!-- \/ Yoast SEO plugin. -->","yoast_head_json":{"title":"Sac Evelyn, brun\/gris - alfauna AG","robots":{"index":"index","follow":"follow","max-snippet":"max-snippet:-1","max-image-preview":"max-image-preview:large","max-video-preview":"max-video-preview:-1"},"canonical":"https:\/\/stage.alfauna.ch\/fr\/boutique\/chiens\/en-route\/caisses-sacs-de-transport\/sac-evelyn-brun-gris-40x30x20cm\/","og_locale":"fr_FR","og_type":"article","og_title":"Sac Evelyn, brun\/gris - alfauna AG","og_description":"en polyester ouverture frontale, lat\u00e9rale et par le haut bandouli\u00e8re amovible et r\u00e9glable en continu avec poche de c\u00f4t\u00e9 avec laisse courte int\u00e9gr\u00e9e avec inserts de filet pour une bonne circulation de l&rsquo;air base amovible couleur : ble","og_url":"https:\/\/stage.alfauna.ch\/fr\/boutique\/chiens\/en-route\/caisses-sacs-de-transport\/sac-evelyn-brun-gris-40x30x20cm\/","og_site_name":"alfauna AG","article_modified_time":"2026-03-23T04:13:57+00:00","og_image":[{"width":1342,"height":1200,"url":"https:\/\/www.alfauna.ch\/wp-content\/uploads\/2024\/06\/T28848_gr.jpg","type":"image\/jpeg"}],"twitter_card":"summary_large_image","schema":{"@context":"https:\/\/schema.org","@graph":[{"@type":"WebPage","@id":"https:\/\/stage.alfauna.ch\/fr\/boutique\/chiens\/en-route\/caisses-sacs-de-transport\/sac-evelyn-brun-gris-40x30x20cm\/","url":"https:\/\/stage.alfauna.ch\/fr\/boutique\/chiens\/en-route\/caisses-sacs-de-transport\/sac-evelyn-brun-gris-40x30x20cm\/","name":"Sac Evelyn, brun\/gris - alfauna AG","isPartOf":{"@id":"https:\/\/www.alfauna.ch\/de\/#website"},"primaryImageOfPage":{"@id":"https:\/\/stage.alfauna.ch\/fr\/boutique\/chiens\/en-route\/caisses-sacs-de-transport\/sac-evelyn-brun-gris-40x30x20cm\/#primaryimage"},"image":{"@id":"https:\/\/stage.alfauna.ch\/fr\/boutique\/chiens\/en-route\/caisses-sacs-de-transport\/sac-evelyn-brun-gris-40x30x20cm\/#primaryimage"},"thumbnailUrl":"https:\/\/stage.alfauna.ch\/wp-content\/uploads\/2024\/06\/T28848_gr.jpg","datePublished":"2019-05-12T22:00:00+00:00","dateModified":"2026-03-23T04:13:57+00:00","breadcrumb":{"@id":"https:\/\/stage.alfauna.ch\/fr\/boutique\/chiens\/en-route\/caisses-sacs-de-transport\/sac-evelyn-brun-gris-40x30x20cm\/#breadcrumb"},"inLanguage":"fr-FR","potentialAction":[{"@type":"ReadAction","target":["https:\/\/stage.alfauna.ch\/fr\/boutique\/chiens\/en-route\/caisses-sacs-de-transport\/sac-evelyn-brun-gris-40x30x20cm\/"]}]},{"@type":"ImageObject","inLanguage":"fr-FR","@id":"https:\/\/stage.alfauna.ch\/fr\/boutique\/chiens\/en-route\/caisses-sacs-de-transport\/sac-evelyn-brun-gris-40x30x20cm\/#primaryimage","url":"https:\/\/stage.alfauna.ch\/wp-content\/uploads\/2024\/06\/T28848_gr.jpg","contentUrl":"https:\/\/stage.alfauna.ch\/wp-content\/uploads\/2024\/06\/T28848_gr.jpg","width":1342,"height":1200},{"@type":"BreadcrumbList","@id":"https:\/\/stage.alfauna.ch\/fr\/boutique\/chiens\/en-route\/caisses-sacs-de-transport\/sac-evelyn-brun-gris-40x30x20cm\/#breadcrumb","itemListElement":[{"@type":"ListItem","position":1,"name":"Startseite","item":"https:\/\/www.alfauna.ch\/fr\/"},{"@type":"ListItem","position":2,"name":"Boutique","item":"https:\/\/www.alfauna.ch\/fr\/boutique\/"},{"@type":"ListItem","position":3,"name":"Sac Evelyn, brun\/gris"}]},{"@type":"WebSite","@id":"https:\/\/www.alfauna.ch\/de\/#website","url":"https:\/\/www.alfauna.ch\/de\/","name":"alfauna AG","description":"Tierbedarf f\u00fcr Fachh\u00e4ndler","publisher":{"@id":"https:\/\/www.alfauna.ch\/de\/#organization"},"potentialAction":[{"@type":"SearchAction","target":{"@type":"EntryPoint","urlTemplate":"https:\/\/www.alfauna.ch\/de\/?s={search_term_string}"},"query-input":{"@type":"PropertyValueSpecification","valueRequired":true,"valueName":"search_term_string"}}],"inLanguage":"fr-FR"},{"@type":"Organization","@id":"https:\/\/www.alfauna.ch\/de\/#organization","name":"alfauna AG","url":"https:\/\/www.alfauna.ch\/de\/","logo":{"@type":"ImageObject","inLanguage":"fr-FR","@id":"https:\/\/www.alfauna.ch\/de\/#\/schema\/logo\/image\/","url":"https:\/\/www.alfauna.ch\/wp-content\/uploads\/logo_alfauna_230px.png","contentUrl":"https:\/\/www.alfauna.ch\/wp-content\/uploads\/logo_alfauna_230px.png","width":230,"height":123,"caption":"alfauna AG"},"image":{"@id":"https:\/\/www.alfauna.ch\/de\/#\/schema\/logo\/image\/"}}]}},"tiered_pricing_type":"fixed","tiered_pricing_fixed_rules":[],"tiered_pricing_product_settings":{"layout":"default","base_unit_name":{"singular":null,"plural":null},"default_variation":null},"tiered_pricing_minimum_quantity":null,"tiered_pricing_roles_data":[],"tiered_pricing_percentage_rules":[],"_links":{"self":[{"href":"https:\/\/stage.alfauna.ch\/fr\/wp-json\/wp\/v2\/product\/563746","targetHints":{"allow":["GET"]}}],"collection":[{"href":"https:\/\/stage.alfauna.ch\/fr\/wp-json\/wp\/v2\/product"}],"about":[{"href":"https:\/\/stage.alfauna.ch\/fr\/wp-json\/wp\/v2\/types\/product"}],"wp:featuredmedia":[{"embeddable":true,"href":"https:\/\/stage.alfauna.ch\/fr\/wp-json\/wp\/v2\/media\/564786"}],"wp:attachment":[{"href":"https:\/\/stage.alfauna.ch\/fr\/wp-json\/wp\/v2\/media?parent=563746"}],"wp:term":[{"taxonomy":"product_brand","embeddable":true,"href":"https:\/\/stage.alfauna.ch\/fr\/wp-json\/wp\/v2\/product_brand?post=563746"},{"taxonomy":"product_cat","embeddable":true,"href":"https:\/\/stage.alfauna.ch\/fr\/wp-json\/wp\/v2\/product_cat?post=563746"},{"taxonomy":"product_tag","embeddable":true,"href":"https:\/\/stage.alfauna.ch\/fr\/wp-json\/wp\/v2\/product_tag?post=563746"}],"curies":[{"name":"wp","href":"https:\/\/api.w.org\/{rel}","templated":true}]}}

https://www.alfauna.ch/shop/non%20classé/sac-evelyn-40x30x20cm-brun-gris/

<p>en polyester<br />
ouverture frontale, latérale et par le haut<br />
bandoulière amovible et réglable en continu<br />
avec poche de côté<br />
avec laisse courte intégrée<br />
avec inserts de filet pour une bonne circulation de l&rsquo;air<br />
base amovible<br />
couleur : ble</p>

<p>en polyester ouverture frontale, latérale et par le haut bandoulière amovible et réglable en continu avec poche de côté avec laisse courte intégrée avec inserts de filet pour une bonne circulation de l&rsquo;air base amovible couleur : ble</p>

<!-- This site is optimized with the Yoast SEO plugin v25.8 - https://yoast.com/wordpress/plugins/seo/ -->
<title>Sac Evelyn, brun/gris - alfauna AG</title>
<meta name="robots" content="index, follow, max-snippet:-1, max-image-preview:large, max-video-preview:-1" />
<link rel="canonical" href="https://stage.alfauna.ch/fr/boutique/chiens/en-route/caisses-sacs-de-transport/sac-evelyn-brun-gris-40x30x20cm/" />
<meta property="og:locale" content="fr_FR" />
<meta property="og:type" content="article" />
<meta property="og:title" content="Sac Evelyn, brun/gris - alfauna AG" />
<meta property="og:description" content="en polyester ouverture frontale, latérale et par le haut bandoulière amovible et réglable en continu avec poche de côté avec laisse courte intégrée avec inserts de filet pour une bonne circulation de l&rsquo;air base amovible couleur : ble" />
<meta property="og:url" content="https://stage.alfauna.ch/fr/boutique/chiens/en-route/caisses-sacs-de-transport/sac-evelyn-brun-gris-40x30x20cm/" />
<meta property="og:site_name" content="alfauna AG" />
<meta property="article:modified_time" content="2026-03-23T04:13:57+00:00" />
<meta property="og:image" content="https://www.alfauna.ch/wp-content/uploads/2024/06/T28848_gr.jpg" />
	<meta property="og:image:width" content="1342" />
	<meta property="og:image:height" content="1200" />
	<meta property="og:image:type" content="image/jpeg" />
<meta name="twitter:card" content="summary_large_image" />
<script type="application/ld+json" class="yoast-schema-graph">{"@context":"https://schema.org","@graph":[{"@type":"WebPage","@id":"https://stage.alfauna.ch/fr/boutique/chiens/en-route/caisses-sacs-de-transport/sac-evelyn-brun-gris-40x30x20cm/","url":"https://stage.alfauna.ch/fr/boutique/chiens/en-route/caisses-sacs-de-transport/sac-evelyn-brun-gris-40x30x20cm/","name":"Sac Evelyn, brun/gris - alfauna AG","isPartOf":{"@id":"https://www.alfauna.ch/de/#website"},"primaryImageOfPage":{"@id":"https://stage.alfauna.ch/fr/boutique/chiens/en-route/caisses-sacs-de-transport/sac-evelyn-brun-gris-40x30x20cm/#primaryimage"},"image":{"@id":"https://stage.alfauna.ch/fr/boutique/chiens/en-route/caisses-sacs-de-transport/sac-evelyn-brun-gris-40x30x20cm/#primaryimage"},"thumbnailUrl":"https://stage.alfauna.ch/wp-content/uploads/2024/06/T28848_gr.jpg","datePublished":"2019-05-12T22:00:00+00:00","dateModified":"2026-03-23T04:13:57+00:00","breadcrumb":{"@id":"https://stage.alfauna.ch/fr/boutique/chiens/en-route/caisses-sacs-de-transport/sac-evelyn-brun-gris-40x30x20cm/#breadcrumb"},"inLanguage":"fr-FR","potentialAction":[{"@type":"ReadAction","target":["https://stage.alfauna.ch/fr/boutique/chiens/en-route/caisses-sacs-de-transport/sac-evelyn-brun-gris-40x30x20cm/"]}]},{"@type":"ImageObject","inLanguage":"fr-FR","@id":"https://stage.alfauna.ch/fr/boutique/chiens/en-route/caisses-sacs-de-transport/sac-evelyn-brun-gris-40x30x20cm/#primaryimage","url":"https://stage.alfauna.ch/wp-content/uploads/2024/06/T28848_gr.jpg","contentUrl":"https://stage.alfauna.ch/wp-content/uploads/2024/06/T28848_gr.jpg","width":1342,"height":1200},{"@type":"BreadcrumbList","@id":"https://stage.alfauna.ch/fr/boutique/chiens/en-route/caisses-sacs-de-transport/sac-evelyn-brun-gris-40x30x20cm/#breadcrumb","itemListElement":[{"@type":"ListItem","position":1,"name":"Startseite","item":"https://www.alfauna.ch/fr/"},{"@type":"ListItem","position":2,"name":"Boutique","item":"https://www.alfauna.ch/fr/boutique/"},{"@type":"ListItem","position":3,"name":"Sac Evelyn, brun/gris"}]},{"@type":"WebSite","@id":"https://www.alfauna.ch/de/#website","url":"https://www.alfauna.ch/de/","name":"alfauna AG","description":"Tierbedarf für Fachhändler","publisher":{"@id":"https://www.alfauna.ch/de/#organization"},"potentialAction":[{"@type":"SearchAction","target":{"@type":"EntryPoint","urlTemplate":"https://www.alfauna.ch/de/?s={search_term_string}"},"query-input":{"@type":"PropertyValueSpecification","valueRequired":true,"valueName":"search_term_string"}}],"inLanguage":"fr-FR"},{"@type":"Organization","@id":"https://www.alfauna.ch/de/#organization","name":"alfauna AG","url":"https://www.alfauna.ch/de/","logo":{"@type":"ImageObject","inLanguage":"fr-FR","@id":"https://www.alfauna.ch/de/#/schema/logo/image/","url":"https://www.alfauna.ch/wp-content/uploads/logo_alfauna_230px.png","contentUrl":"https://www.alfauna.ch/wp-content/uploads/logo_alfauna_230px.png","width":230,"height":123,"caption":"alfauna AG"},"image":{"@id":"https://www.alfauna.ch/de/#/schema/logo/image/"}}]}</script>
<!-- / Yoast SEO plugin. -->

en polyester ouverture frontale, latérale et par le haut bandoulière amovible et réglable en continu avec poche de côté avec laisse courte intégrée avec inserts de filet pour une bonne circulation de l&rsquo;air base amovible couleur : ble

Tierbedarf für Fachhändler
