{"id":192413,"date":"2019-05-13T00:00:00","date_gmt":"2019-05-12T22:00:00","guid":{"rendered":"https:\/\/www.alfauna.ch.vasco.sui-inter.net\/shop\/unkategorisiert\/pfotenschutz-walker-socks-l-xl-2-st-schwarz-grau\/"},"modified":"2026-03-23T00:06:08","modified_gmt":"2026-03-22T23:06:08","slug":"pfotenschutz-walker-socks-l-xl-2-st-schwarz-grau","status":"publish","type":"product","link":"https:\/\/stage.alfauna.ch\/de\/shop\/katzen\/leinen-geschirre-halsbaender\/pfotenschutz-walker-socks-l-xl-2-st-schwarz-grau\/","title":{"rendered":"Pfotenschutz Walker Socks, L-XL, 2 St., schwarz\/grau"},"content":{"rendered":"<p>hoher Tragekomfort durch elastisches Material<br \/>\nrutschfeste und formstabile Sohle mit Zehenkappe<br \/>\nsicherer Halt, z. B. f\u00fcr \u00e4ltere Hunde<br \/>\nSchutz f\u00fcr sensible Pfoten und kleinere Wunden<br \/>\nmit praktischem Klettverschluss, ab Gr\u00f6\u00dfe XS-S mit 2 Klettvers<\/p>\n","protected":false},"excerpt":{"rendered":"<p>hoher Tragekomfort durch elastisches Material rutschfeste und formstabile Sohle mit Zehenkappe sicherer Halt, z. B. f\u00fcr \u00e4ltere Hunde Schutz f\u00fcr sensible Pfoten und kleinere Wunden mit praktischem Klettverschluss, ab Gr\u00f6\u00dfe XS-S mit 2 Klettvers<\/p>\n","protected":false},"featured_media":389719,"template":"","meta":{"_acf_changed":false},"product_brand":[],"product_cat":[3625,2637],"product_tag":[],"class_list":{"0":"post-192413","1":"product","2":"type-product","3":"status-publish","4":"has-post-thumbnail","6":"product_cat-leinen-geschirre-halsbaender","7":"product_cat-katzen","9":"first","10":"instock","11":"taxable","12":"shipping-taxable","13":"product-type-simple"},"acf":[],"yoast_head":"<!-- This site is optimized with the Yoast SEO plugin v25.8 - https:\/\/yoast.com\/wordpress\/plugins\/seo\/ -->\n<title>Pfotenschutz Walker Socks, L-XL, 2 St., schwarz\/grau - alfauna AG<\/title>\n<meta name=\"robots\" content=\"index, follow, max-snippet:-1, max-image-preview:large, max-video-preview:-1\" \/>\n<link rel=\"canonical\" href=\"https:\/\/stage.alfauna.ch\/de\/shop\/katzen\/leinen-geschirre-halsbaender\/pfotenschutz-walker-socks-l-xl-2-st-schwarz-grau\/\" \/>\n<meta property=\"og:locale\" content=\"de_DE\" \/>\n<meta property=\"og:type\" content=\"article\" \/>\n<meta property=\"og:title\" content=\"Pfotenschutz Walker Socks, L-XL, 2 St., schwarz\/grau - alfauna AG\" \/>\n<meta property=\"og:description\" content=\"hoher Tragekomfort durch elastisches Material rutschfeste und formstabile Sohle mit Zehenkappe sicherer Halt, z. B. f\u00fcr \u00e4ltere Hunde Schutz f\u00fcr sensible Pfoten und kleinere Wunden mit praktischem Klettverschluss, ab Gr\u00f6\u00dfe XS-S mit 2 Klettvers\" \/>\n<meta property=\"og:url\" content=\"https:\/\/stage.alfauna.ch\/de\/shop\/katzen\/leinen-geschirre-halsbaender\/pfotenschutz-walker-socks-l-xl-2-st-schwarz-grau\/\" \/>\n<meta property=\"og:site_name\" content=\"alfauna AG\" \/>\n<meta property=\"article:modified_time\" content=\"2026-03-22T23:06:08+00:00\" \/>\n<meta property=\"og:image\" content=\"https:\/\/www.alfauna.ch\/wp-content\/uploads\/T19446_gr.jpg\" \/>\n\t<meta property=\"og:image:width\" content=\"300\" \/>\n\t<meta property=\"og:image:height\" content=\"440\" \/>\n\t<meta property=\"og:image:type\" content=\"image\/jpeg\" \/>\n<meta name=\"twitter:card\" content=\"summary_large_image\" \/>\n<script type=\"application\/ld+json\" class=\"yoast-schema-graph\">{\"@context\":\"https:\/\/schema.org\",\"@graph\":[{\"@type\":\"WebPage\",\"@id\":\"https:\/\/stage.alfauna.ch\/de\/shop\/katzen\/leinen-geschirre-halsbaender\/pfotenschutz-walker-socks-l-xl-2-st-schwarz-grau\/\",\"url\":\"https:\/\/stage.alfauna.ch\/de\/shop\/katzen\/leinen-geschirre-halsbaender\/pfotenschutz-walker-socks-l-xl-2-st-schwarz-grau\/\",\"name\":\"Pfotenschutz Walker Socks, L-XL, 2 St., schwarz\/grau - alfauna AG\",\"isPartOf\":{\"@id\":\"https:\/\/www.alfauna.ch\/de\/#website\"},\"primaryImageOfPage\":{\"@id\":\"https:\/\/stage.alfauna.ch\/de\/shop\/katzen\/leinen-geschirre-halsbaender\/pfotenschutz-walker-socks-l-xl-2-st-schwarz-grau\/#primaryimage\"},\"image\":{\"@id\":\"https:\/\/stage.alfauna.ch\/de\/shop\/katzen\/leinen-geschirre-halsbaender\/pfotenschutz-walker-socks-l-xl-2-st-schwarz-grau\/#primaryimage\"},\"thumbnailUrl\":\"https:\/\/stage.alfauna.ch\/wp-content\/uploads\/T19446_gr.jpg\",\"datePublished\":\"2019-05-12T22:00:00+00:00\",\"dateModified\":\"2026-03-22T23:06:08+00:00\",\"breadcrumb\":{\"@id\":\"https:\/\/stage.alfauna.ch\/de\/shop\/katzen\/leinen-geschirre-halsbaender\/pfotenschutz-walker-socks-l-xl-2-st-schwarz-grau\/#breadcrumb\"},\"inLanguage\":\"de\",\"potentialAction\":[{\"@type\":\"ReadAction\",\"target\":[\"https:\/\/stage.alfauna.ch\/de\/shop\/katzen\/leinen-geschirre-halsbaender\/pfotenschutz-walker-socks-l-xl-2-st-schwarz-grau\/\"]}]},{\"@type\":\"ImageObject\",\"inLanguage\":\"de\",\"@id\":\"https:\/\/stage.alfauna.ch\/de\/shop\/katzen\/leinen-geschirre-halsbaender\/pfotenschutz-walker-socks-l-xl-2-st-schwarz-grau\/#primaryimage\",\"url\":\"https:\/\/stage.alfauna.ch\/wp-content\/uploads\/T19446_gr.jpg\",\"contentUrl\":\"https:\/\/stage.alfauna.ch\/wp-content\/uploads\/T19446_gr.jpg\",\"width\":300,\"height\":440},{\"@type\":\"BreadcrumbList\",\"@id\":\"https:\/\/stage.alfauna.ch\/de\/shop\/katzen\/leinen-geschirre-halsbaender\/pfotenschutz-walker-socks-l-xl-2-st-schwarz-grau\/#breadcrumb\",\"itemListElement\":[{\"@type\":\"ListItem\",\"position\":1,\"name\":\"Startseite\",\"item\":\"https:\/\/www.alfauna.ch\/de\/\"},{\"@type\":\"ListItem\",\"position\":2,\"name\":\"Shop\",\"item\":\"https:\/\/www.alfauna.ch\/de\/shop\/\"},{\"@type\":\"ListItem\",\"position\":3,\"name\":\"Pfotenschutz Walker Socks, L-XL, 2 St., schwarz\/grau\"}]},{\"@type\":\"WebSite\",\"@id\":\"https:\/\/www.alfauna.ch\/de\/#website\",\"url\":\"https:\/\/www.alfauna.ch\/de\/\",\"name\":\"alfauna AG\",\"description\":\"Tierbedarf f\u00fcr Fachh\u00e4ndler\",\"publisher\":{\"@id\":\"https:\/\/www.alfauna.ch\/de\/#organization\"},\"potentialAction\":[{\"@type\":\"SearchAction\",\"target\":{\"@type\":\"EntryPoint\",\"urlTemplate\":\"https:\/\/www.alfauna.ch\/de\/?s={search_term_string}\"},\"query-input\":{\"@type\":\"PropertyValueSpecification\",\"valueRequired\":true,\"valueName\":\"search_term_string\"}}],\"inLanguage\":\"de\"},{\"@type\":\"Organization\",\"@id\":\"https:\/\/www.alfauna.ch\/de\/#organization\",\"name\":\"alfauna AG\",\"url\":\"https:\/\/www.alfauna.ch\/de\/\",\"logo\":{\"@type\":\"ImageObject\",\"inLanguage\":\"de\",\"@id\":\"https:\/\/www.alfauna.ch\/de\/#\/schema\/logo\/image\/\",\"url\":\"https:\/\/www.alfauna.ch\/wp-content\/uploads\/logo_alfauna_230px.png\",\"contentUrl\":\"https:\/\/www.alfauna.ch\/wp-content\/uploads\/logo_alfauna_230px.png\",\"width\":230,\"height\":123,\"caption\":\"alfauna AG\"},\"image\":{\"@id\":\"https:\/\/www.alfauna.ch\/de\/#\/schema\/logo\/image\/\"}}]}<\/script>\n<!-- \/ Yoast SEO plugin. -->","yoast_head_json":{"title":"Pfotenschutz Walker Socks, L-XL, 2 St., schwarz\/grau - alfauna AG","robots":{"index":"index","follow":"follow","max-snippet":"max-snippet:-1","max-image-preview":"max-image-preview:large","max-video-preview":"max-video-preview:-1"},"canonical":"https:\/\/stage.alfauna.ch\/de\/shop\/katzen\/leinen-geschirre-halsbaender\/pfotenschutz-walker-socks-l-xl-2-st-schwarz-grau\/","og_locale":"de_DE","og_type":"article","og_title":"Pfotenschutz Walker Socks, L-XL, 2 St., schwarz\/grau - alfauna AG","og_description":"hoher Tragekomfort durch elastisches Material rutschfeste und formstabile Sohle mit Zehenkappe sicherer Halt, z. B. f\u00fcr \u00e4ltere Hunde Schutz f\u00fcr sensible Pfoten und kleinere Wunden mit praktischem Klettverschluss, ab Gr\u00f6\u00dfe XS-S mit 2 Klettvers","og_url":"https:\/\/stage.alfauna.ch\/de\/shop\/katzen\/leinen-geschirre-halsbaender\/pfotenschutz-walker-socks-l-xl-2-st-schwarz-grau\/","og_site_name":"alfauna AG","article_modified_time":"2026-03-22T23:06:08+00:00","og_image":[{"width":300,"height":440,"url":"https:\/\/www.alfauna.ch\/wp-content\/uploads\/T19446_gr.jpg","type":"image\/jpeg"}],"twitter_card":"summary_large_image","schema":{"@context":"https:\/\/schema.org","@graph":[{"@type":"WebPage","@id":"https:\/\/stage.alfauna.ch\/de\/shop\/katzen\/leinen-geschirre-halsbaender\/pfotenschutz-walker-socks-l-xl-2-st-schwarz-grau\/","url":"https:\/\/stage.alfauna.ch\/de\/shop\/katzen\/leinen-geschirre-halsbaender\/pfotenschutz-walker-socks-l-xl-2-st-schwarz-grau\/","name":"Pfotenschutz Walker Socks, L-XL, 2 St., schwarz\/grau - alfauna AG","isPartOf":{"@id":"https:\/\/www.alfauna.ch\/de\/#website"},"primaryImageOfPage":{"@id":"https:\/\/stage.alfauna.ch\/de\/shop\/katzen\/leinen-geschirre-halsbaender\/pfotenschutz-walker-socks-l-xl-2-st-schwarz-grau\/#primaryimage"},"image":{"@id":"https:\/\/stage.alfauna.ch\/de\/shop\/katzen\/leinen-geschirre-halsbaender\/pfotenschutz-walker-socks-l-xl-2-st-schwarz-grau\/#primaryimage"},"thumbnailUrl":"https:\/\/stage.alfauna.ch\/wp-content\/uploads\/T19446_gr.jpg","datePublished":"2019-05-12T22:00:00+00:00","dateModified":"2026-03-22T23:06:08+00:00","breadcrumb":{"@id":"https:\/\/stage.alfauna.ch\/de\/shop\/katzen\/leinen-geschirre-halsbaender\/pfotenschutz-walker-socks-l-xl-2-st-schwarz-grau\/#breadcrumb"},"inLanguage":"de","potentialAction":[{"@type":"ReadAction","target":["https:\/\/stage.alfauna.ch\/de\/shop\/katzen\/leinen-geschirre-halsbaender\/pfotenschutz-walker-socks-l-xl-2-st-schwarz-grau\/"]}]},{"@type":"ImageObject","inLanguage":"de","@id":"https:\/\/stage.alfauna.ch\/de\/shop\/katzen\/leinen-geschirre-halsbaender\/pfotenschutz-walker-socks-l-xl-2-st-schwarz-grau\/#primaryimage","url":"https:\/\/stage.alfauna.ch\/wp-content\/uploads\/T19446_gr.jpg","contentUrl":"https:\/\/stage.alfauna.ch\/wp-content\/uploads\/T19446_gr.jpg","width":300,"height":440},{"@type":"BreadcrumbList","@id":"https:\/\/stage.alfauna.ch\/de\/shop\/katzen\/leinen-geschirre-halsbaender\/pfotenschutz-walker-socks-l-xl-2-st-schwarz-grau\/#breadcrumb","itemListElement":[{"@type":"ListItem","position":1,"name":"Startseite","item":"https:\/\/www.alfauna.ch\/de\/"},{"@type":"ListItem","position":2,"name":"Shop","item":"https:\/\/www.alfauna.ch\/de\/shop\/"},{"@type":"ListItem","position":3,"name":"Pfotenschutz Walker Socks, L-XL, 2 St., schwarz\/grau"}]},{"@type":"WebSite","@id":"https:\/\/www.alfauna.ch\/de\/#website","url":"https:\/\/www.alfauna.ch\/de\/","name":"alfauna AG","description":"Tierbedarf f\u00fcr Fachh\u00e4ndler","publisher":{"@id":"https:\/\/www.alfauna.ch\/de\/#organization"},"potentialAction":[{"@type":"SearchAction","target":{"@type":"EntryPoint","urlTemplate":"https:\/\/www.alfauna.ch\/de\/?s={search_term_string}"},"query-input":{"@type":"PropertyValueSpecification","valueRequired":true,"valueName":"search_term_string"}}],"inLanguage":"de"},{"@type":"Organization","@id":"https:\/\/www.alfauna.ch\/de\/#organization","name":"alfauna AG","url":"https:\/\/www.alfauna.ch\/de\/","logo":{"@type":"ImageObject","inLanguage":"de","@id":"https:\/\/www.alfauna.ch\/de\/#\/schema\/logo\/image\/","url":"https:\/\/www.alfauna.ch\/wp-content\/uploads\/logo_alfauna_230px.png","contentUrl":"https:\/\/www.alfauna.ch\/wp-content\/uploads\/logo_alfauna_230px.png","width":230,"height":123,"caption":"alfauna AG"},"image":{"@id":"https:\/\/www.alfauna.ch\/de\/#\/schema\/logo\/image\/"}}]}},"tiered_pricing_type":"fixed","tiered_pricing_fixed_rules":[],"tiered_pricing_product_settings":{"layout":"default","base_unit_name":{"singular":null,"plural":null},"default_variation":null},"tiered_pricing_minimum_quantity":null,"tiered_pricing_roles_data":[],"tiered_pricing_percentage_rules":[],"_links":{"self":[{"href":"https:\/\/stage.alfauna.ch\/de\/wp-json\/wp\/v2\/product\/192413","targetHints":{"allow":["GET"]}}],"collection":[{"href":"https:\/\/stage.alfauna.ch\/de\/wp-json\/wp\/v2\/product"}],"about":[{"href":"https:\/\/stage.alfauna.ch\/de\/wp-json\/wp\/v2\/types\/product"}],"wp:featuredmedia":[{"embeddable":true,"href":"https:\/\/stage.alfauna.ch\/de\/wp-json\/wp\/v2\/media\/389719"}],"wp:attachment":[{"href":"https:\/\/stage.alfauna.ch\/de\/wp-json\/wp\/v2\/media?parent=192413"}],"wp:term":[{"taxonomy":"product_brand","embeddable":true,"href":"https:\/\/stage.alfauna.ch\/de\/wp-json\/wp\/v2\/product_brand?post=192413"},{"taxonomy":"product_cat","embeddable":true,"href":"https:\/\/stage.alfauna.ch\/de\/wp-json\/wp\/v2\/product_cat?post=192413"},{"taxonomy":"product_tag","embeddable":true,"href":"https:\/\/stage.alfauna.ch\/de\/wp-json\/wp\/v2\/product_tag?post=192413"}],"curies":[{"name":"wp","href":"https:\/\/api.w.org\/{rel}","templated":true}]}}

<p>hoher Tragekomfort durch elastisches Material<br />
rutschfeste und formstabile Sohle mit Zehenkappe<br />
sicherer Halt, z. B. für ältere Hunde<br />
Schutz für sensible Pfoten und kleinere Wunden<br />
mit praktischem Klettverschluss, ab Größe XS-S mit 2 Klettvers</p>

<p>hoher Tragekomfort durch elastisches Material rutschfeste und formstabile Sohle mit Zehenkappe sicherer Halt, z. B. für ältere Hunde Schutz für sensible Pfoten und kleinere Wunden mit praktischem Klettverschluss, ab Größe XS-S mit 2 Klettvers</p>

<!-- This site is optimized with the Yoast SEO plugin v25.8 - https://yoast.com/wordpress/plugins/seo/ -->
<title>Pfotenschutz Walker Socks, L-XL, 2 St., schwarz/grau - alfauna AG</title>
<meta name="robots" content="index, follow, max-snippet:-1, max-image-preview:large, max-video-preview:-1" />
<link rel="canonical" href="https://stage.alfauna.ch/de/shop/katzen/leinen-geschirre-halsbaender/pfotenschutz-walker-socks-l-xl-2-st-schwarz-grau/" />
<meta property="og:locale" content="de_DE" />
<meta property="og:type" content="article" />
<meta property="og:title" content="Pfotenschutz Walker Socks, L-XL, 2 St., schwarz/grau - alfauna AG" />
<meta property="og:description" content="hoher Tragekomfort durch elastisches Material rutschfeste und formstabile Sohle mit Zehenkappe sicherer Halt, z. B. für ältere Hunde Schutz für sensible Pfoten und kleinere Wunden mit praktischem Klettverschluss, ab Größe XS-S mit 2 Klettvers" />
<meta property="og:url" content="https://stage.alfauna.ch/de/shop/katzen/leinen-geschirre-halsbaender/pfotenschutz-walker-socks-l-xl-2-st-schwarz-grau/" />
<meta property="og:site_name" content="alfauna AG" />
<meta property="article:modified_time" content="2026-03-22T23:06:08+00:00" />
<meta property="og:image" content="https://www.alfauna.ch/wp-content/uploads/T19446_gr.jpg" />
	<meta property="og:image:width" content="300" />
	<meta property="og:image:height" content="440" />
	<meta property="og:image:type" content="image/jpeg" />
<meta name="twitter:card" content="summary_large_image" />
<script type="application/ld+json" class="yoast-schema-graph">{"@context":"https://schema.org","@graph":[{"@type":"WebPage","@id":"https://stage.alfauna.ch/de/shop/katzen/leinen-geschirre-halsbaender/pfotenschutz-walker-socks-l-xl-2-st-schwarz-grau/","url":"https://stage.alfauna.ch/de/shop/katzen/leinen-geschirre-halsbaender/pfotenschutz-walker-socks-l-xl-2-st-schwarz-grau/","name":"Pfotenschutz Walker Socks, L-XL, 2 St., schwarz/grau - alfauna AG","isPartOf":{"@id":"https://www.alfauna.ch/de/#website"},"primaryImageOfPage":{"@id":"https://stage.alfauna.ch/de/shop/katzen/leinen-geschirre-halsbaender/pfotenschutz-walker-socks-l-xl-2-st-schwarz-grau/#primaryimage"},"image":{"@id":"https://stage.alfauna.ch/de/shop/katzen/leinen-geschirre-halsbaender/pfotenschutz-walker-socks-l-xl-2-st-schwarz-grau/#primaryimage"},"thumbnailUrl":"https://stage.alfauna.ch/wp-content/uploads/T19446_gr.jpg","datePublished":"2019-05-12T22:00:00+00:00","dateModified":"2026-03-22T23:06:08+00:00","breadcrumb":{"@id":"https://stage.alfauna.ch/de/shop/katzen/leinen-geschirre-halsbaender/pfotenschutz-walker-socks-l-xl-2-st-schwarz-grau/#breadcrumb"},"inLanguage":"de","potentialAction":[{"@type":"ReadAction","target":["https://stage.alfauna.ch/de/shop/katzen/leinen-geschirre-halsbaender/pfotenschutz-walker-socks-l-xl-2-st-schwarz-grau/"]}]},{"@type":"ImageObject","inLanguage":"de","@id":"https://stage.alfauna.ch/de/shop/katzen/leinen-geschirre-halsbaender/pfotenschutz-walker-socks-l-xl-2-st-schwarz-grau/#primaryimage","url":"https://stage.alfauna.ch/wp-content/uploads/T19446_gr.jpg","contentUrl":"https://stage.alfauna.ch/wp-content/uploads/T19446_gr.jpg","width":300,"height":440},{"@type":"BreadcrumbList","@id":"https://stage.alfauna.ch/de/shop/katzen/leinen-geschirre-halsbaender/pfotenschutz-walker-socks-l-xl-2-st-schwarz-grau/#breadcrumb","itemListElement":[{"@type":"ListItem","position":1,"name":"Startseite","item":"https://www.alfauna.ch/de/"},{"@type":"ListItem","position":2,"name":"Shop","item":"https://www.alfauna.ch/de/shop/"},{"@type":"ListItem","position":3,"name":"Pfotenschutz Walker Socks, L-XL, 2 St., schwarz/grau"}]},{"@type":"WebSite","@id":"https://www.alfauna.ch/de/#website","url":"https://www.alfauna.ch/de/","name":"alfauna AG","description":"Tierbedarf für Fachhändler","publisher":{"@id":"https://www.alfauna.ch/de/#organization"},"potentialAction":[{"@type":"SearchAction","target":{"@type":"EntryPoint","urlTemplate":"https://www.alfauna.ch/de/?s={search_term_string}"},"query-input":{"@type":"PropertyValueSpecification","valueRequired":true,"valueName":"search_term_string"}}],"inLanguage":"de"},{"@type":"Organization","@id":"https://www.alfauna.ch/de/#organization","name":"alfauna AG","url":"https://www.alfauna.ch/de/","logo":{"@type":"ImageObject","inLanguage":"de","@id":"https://www.alfauna.ch/de/#/schema/logo/image/","url":"https://www.alfauna.ch/wp-content/uploads/logo_alfauna_230px.png","contentUrl":"https://www.alfauna.ch/wp-content/uploads/logo_alfauna_230px.png","width":230,"height":123,"caption":"alfauna AG"},"image":{"@id":"https://www.alfauna.ch/de/#/schema/logo/image/"}}]}</script>
<!-- / Yoast SEO plugin. -->

hoher Tragekomfort durch elastisches Material rutschfeste und formstabile Sohle mit Zehenkappe sicherer Halt, z. B. für ältere Hunde Schutz für sensible Pfoten und kleinere Wunden mit praktischem Klettverschluss, ab Größe XS-S mit 2 Klettvers

Tierbedarf für Fachhändler
